*2 - 7*q + 1. Determine v(a).
-9
Let h(c) be the first derivative of c**2 + 3*c + 3061. Let g be ((-15)/(-10))/((-1)/2). Determine h(g).
-3
Let y(l) = -l**3 + 6*l**2 - 2*l + 6. Let b = -4331 - -4336. Determine y(b).
21
Let x(r) = -6*r + 5. Suppose 0 = -2*o + 3*o + 1. Let n(f) = -7*f + 91. Let h be n(13). Let v be ((h - 1) + o)/(-2) - -3. Calculate x(v).
-19
Let m(q) = -q**3 + 5*q**2 + 5*q - 1. Let a(c) = -2*c**3 - 7*c**2 + c - 6. Suppose -43*k + 13*k = 120. Let j be a(k). Give m(j).
-7
Suppose 0 = -4*s - 5*b + 911, -3*b = -11*s + 9*s + 439. Let i = 225 - s. Let l(q) be the second derivative of 19*q**5/20 - q**2/2 - q. Determine l(i).
18
Let p = -129 - -131. Let u(c) = -3*c - 367053 - 2*c + 367058. Determine u(p).
-5
Let h(v) = -1222*v**2 + 596*v**2 + 5*v + 625*v**2 + 13. Determine h(9).
-23
Let z(c) be the second derivative of -c**5/20 - c**4/4 + 2*c**3/3 + 3*c**2/2 - 3*c + 614. Determine z(-4).
3
Suppose 206*d = 120*d - 430. Let m(g) be the third derivative of 0*g + 1/4*g**4 - 2/3*g**3 - 2*g**2 + 1/60*g**5 + 0. What is m(d)?
-9
Let h(q) be the second derivative of -1/2*q**4 + 1/20*q**5 - 3*q**2 + 33*q + 2 + 7/6*q**3. What is h(5)?
4
Let s(v) = v**3 - 8*v**2 + v - 9. Let z = 238 - 212. Suppose a - 19 = -2*w, -2*w + 6*w = 2*a + z. Determine s(w).
-1
Let l be 66/(-10) + (-6)/10*(5 + -6). Let x(r) = r**3 + 7*r**2 + 5*r - 3. What is x(l)?
3
Let a(n) = 6. Let u(t) = -t**3 + 8*t**2 - 6*t + 71. Let p(m) = 9*a(m) - u(m). What is p(6)?
-53
Let u(c) = -2*c**2 - 3*c + 2. Suppose 1776*t - 1752*t + 72 = 0. Give u(t).
-7
Let a(n) = n**2 + 6*n + 5. Let t(w) = -23*w - 22*w + 46*w + 1 + 1. Let b be t(-2). Suppose b = 4*u + 5*j - 4*j + 16, -5*j = 0. Determine a(u).
-3
Suppose 67*u = 17*u - 450. Let l(c) = -c**2 - 8*c + 8. What is l(u)?
-1
Suppose 8*z + 0*z - 114*z = -318. Let j(g) = -4*g - 33. What is j(z)?
-45
Let q(v) be the first derivative of -v**7/840 + 7*v**6/360 - v**5/120 + 3*v**4/8 - 11*v**3/3 + 98. Let u(o) be the third derivative of q(o). Determine u(7).
2
Let y(c) = c**2 - 3*c - 1. Suppose 0 = -2*q + 3*u - 23, 24 = 23*q - 24*q + 4*u. What is y(q)?
27
Let a be (6/(-4))/((-51)/(-170)) - -30. Let m be 4/(26/(-6) - (a - 30)). Let w(z) = -z**2 + 6*z + 6. Give w(m).
6
Let h(v) = 0 + 5 - 4 - 12*v**2. Let q(j) = -10*j**2 + 19*j - 51. Let o(c) = 7*c**2 - 12*c + 34. Let a(g) = 7*o(g) + 5*q(g). Let b be a(9). What is h(b)?
-11
Let h(x) = 7*x**2 + x - 2. Suppose 8 = 5*u + 4*o, -u - 18 = -120*o + 118*o. Determine h(u).
106
Let j(b) = -3*b - 10. Let i be j(-4). Let c(f) = 6 - 2*f**i + f**2 - 9*f + 15*f + 4. What is c(8)?
-6
Let t(k) be the first derivative of 7*k**2/2 + 2*k - 2. Suppose 84*p = 448 - 28. Calculate t(p).
37
Let m(a) = 2 - 25 + 11*a + 10 + 9. Calculate m(5).
51
Let u(s) = 3*s - 5. Suppose -228 - 282 = -5*x. Suppose -12 = -19*r + x. What is u(r)?
13
Suppose 4*v - 3*a - 67 = 0, v + 4*a + 1 = -6. Let i be (4/10)/((78/120)/v). Let z be (-18)/14 - i/(-28). Let y(f) = 21*f + 1. What is y(z)?
-20
Let y(t) = -9*t + 4. Let z be (-323)/(-102) + (-9)/54. What is y(z)?
-23
Suppose 4*q = 3*v - 42, -q = v + 1296 - 1289. Let z(f) = -f - 1. Suppose 3*x - 5 = 4*x. Let i(p) = 1. Let a(g) = x*i(g) - 3*z(g). Determine a(v).
4
Suppose 5*j - 3*l + 25 = 62, -3*j + 3*l + 21 = 0. Suppose 2*r + 3 = m, -m = r - 5 + j. Let s be (4 - (-2)/2 - 4)/m. Let h(b) = -3*b**2 - b - 1. What is h(s)?
-3
Let m be (-2 - -3)/(13/65). Let d(n) = -m*n + 0 + 1 - 5 + 229*n**2 - 230*n**2. Give d(-3).
2
Let w be -2 + (2 - (10 - 19)) - -3. Let m(q) = 6*q - 79. Determine m(w).
-7
Let z(j) be the first derivative of j**4/4 + 16*j**3/3 - j**2/2 - 39*j + 815. Give z(-16).
-23
Let r(x) = -2*x**2 + 3*x + 7. Let i(y) = y**2 - y + 1. Let h(w) = i(w) + r(w). Suppose -60 = -10*d + 11*d - 11*d. Determine h(d).
-16
Let u(o) = o**3 + 4*o**2 + 2*o - 3. Let h be u(-3). Suppose h = 3*z - 16 - 8. Let k(s) = -z*s - 2*s - s - s. What is k(1)?
-12
Let i(z) = -22*z - 6. Let t(n) = -147*n - 149. Let x be t(-1). Give i(x).
38
Suppose -12*r = 12*r + 96. Let n(g) = -5*g**2 - 1. Let u(i) = -6*i**2 + i - 1. Let t(p) = 4*n(p) - 3*u(p). Calculate t(r).
-21
Let d be (66/12)/(1/4*2). Suppose p + 1 = 0, 3*p = d*w - 12*w - 4. Let h(a) = -6*a - 1. Calculate h(w).
5
Let f(t) be the third derivative of -11/6*t**3 + 9 + 0*t - 15*t**2 + 3/8*t**4 + 1/60*t**5. What is f(-8)?
-19
Let q(b) = -163*b**3 + 7*b**2 - 7*b - 44. Let w(m) = -93*m**3 + 4*m**2 - 4*m - 22. Let s(n) = 4*q(n) - 7*w(n). Determine s(0).
-22
Suppose 0 = d - 4*z - 1, 8*d = 4*d + 2*z + 4. Let w be ((-6)/(-21))/(3/21). Let p(u) = 4*u + 12*u + 1 + w*u. Determine p(d).
19
Let h(z) be the third derivative of z**6/60 - z**5/4 + 3*z**4/4 + z**3 + 683*z**2 + 2. Calculate h(6).
6
Let x(g) = -g**3 - 8*g**2 - 3. Let c(p) = -2*p**3 - 8*p**2 - 3. Let i(k) = -2*c(k) + 3*x(k). Suppose 5*y + 9*y = -2044. Let n = y + 154. Calculate i(n).
-3
Let n be (0*14/210)/(-1). Let a(c) = 2*c - 25. Determine a(n).
-25
Suppose -1 = -3*c + p, p - 5*p = -2*c + 14. Let x(m) = -5*m**2 - 138*m - 18. Let j be x(-27). Let t(k) = -205*k + 69*k + j*k + 69*k. Calculate t(c).
4
Let y(d) = -21*d**2 - d**3 + 79*d**2 - 40*d**2 - 7 + 11*d - 18*d**2. Determine y(3).
-1
Let p(r) = 15*r**2 + 122*r - 24. Let y(j) = -44*j**2 - 362*j + 68. Let d(s) = -17*p(s) - 6*y(s). Determine d(-11).
11
Let c(z) = 3*z + 14. Let d be c(-4). Let i(k) = -13 + 31 + 0*k + 7*k + k**2 - 6*k - d*k. Determine i(0).
18
Let a(f) = f**2 - f - 12. Let y(v) = v**2 - 5. Let p be y(-2). Let n be 0/(p/(4 + -3)). Let w be n/(6/(-3 + 0)). Give a(w).
-12
Let i(z) = 3*z**2 + 3*z + 2. Suppose h + 124 = 128. Let c be (6/h)/((-3)/6). Determine i(c).
20
Let i(k) = -7*k**2 - 39*k - 16. Suppose -4*m - p - 14 = 0, -161*m - 2*p = -164*m - 27. What is i(m)?
4
Let i(f) be the third derivative of -f**7/840 - f**6/72 + f**5/8 + f**4/12 - 64*f**3/3 - 91*f**2. Let o(r) be the first derivative of i(r). Determine o(-7).
-5
Let x(u) be the third derivative of -u**4/8 + u**3/6 - 6*u**2. Let t = 232 + -236. Let r(j) = 5*j - 2. Let v(n) = t*r(n) - 7*x(n). What is v(-4)?
-3
Let q be (-20)/350*-553*(0 + -5). Let m = 163 + q. Let a(g) = 0*g - 6 - 4*g + 6*g. What is a(m)?
4
Let y(b) be the first derivative of 5*b**2 - 13*b + 1196. Calculate y(2).
7
Suppose 0 = -78*p + 2182 - 98 - 212. Let m(z) = -z + 21. What is m(p)?
-3
Let w = 1 + 6. Let d(o) be the second derivative of -o**5/60 + o**4/3 - o**3 + 23*o**2/2 - 56*o. Let x(c) be the first derivative of d(c). Determine x(w).
1
Let a = 12 + -13. Let n(z) = 3*z**3 + z**2. Let b be n(a). Let w(g) = -2 + 3*g**2 + 0*g + g**3 + g + 1. Calculate w(b).
1
Let z = 10932 - 10944. Let f(a) = -a**2 - 14*a - 66. What is f(z)?
-42
Let y(r) be the third derivative of -r**6/120 + r**5/12 - r**4/24 - 4*r**3/3 - 1235*r**2. Calculate y(4).
4
Suppose 4 = 3*p - 2. Let w(b) = -6*b**2 - b + 2. Suppose 2*i - i + 8 = 0. Let f(x) = -17*x**2 - 2*x + 6. Let l(h) = i*w(h) + 3*f(h). Give l(p).
-6
Let t(u) = -u**3 - 6*u**2 - 5*u + 2. Let v be (3 - 6)*(-9)/(-1). Let a = v - -20. Let s be 4/(-6)*1*(-1 - a). Calculate t(s).
-10
Suppose 3*f + 5 = -2*o, -4*f - 1 = -2*o + 1. Suppose 3 = 21*k - 39. Let s(p) = -2 - 11*p**k + 4 + 16*p**2 - 2 - p. Give s(o).
6
Let k(a) = -a**3 - 6*a**2 + 8*a - 2. Suppose 33*y - 28*y + 29 = -2*o, 7 = 4*o - 3*y. Let l be (5 - 4)*(3 + o)*-7. Give k(l).
-9
Let r(x) = x**3 - 5*x**2 + 5*x - 3. Let i(c) be the third derivative of -1/6*c**3 + 0*c - 5/24*c**4 + 0 - 18*c**2. Let m be i(-1). Determine r(m).
1
Let d(g) = g**3 + g**2 - 2*g - 7. Let q be -5 + (1 + -6)/(-5). Let h be -4 - (0 + (-8 - q)). Calculate d(h).
-7
Let z(q) = -1 - 2*q**2 + 3*q**2 - 5*q - 5*q**2 - q**3. Suppose 0 = 1582*h - 1585*h + 15. Suppose 24*x - 23*x = 4*p + 12, -h*p = 3*x + 32. What is z(x)?
19
Let v = 249 + 478. Let m = v + -736. Let j(b) = 12 + b + 10 - 9. Give j(m).
4
Let l = 14539 + -14534. Let o(g) be the second derivative of 7/12*g**4 - 36*g + 0*g**3 + 0 + 1/20*g**5 + l*g**2. Determine o(-7).
10
Let p be 15/(-9)*-6*((-18)/(-6))/30. Let f(m) = 41*m**3 - 4*m**2 + 2. Give f(p).
39
Let a(z) = 4*z - 6. Let j = 55 + -44. Suppose 11 = -j*v + 55. Calculate a(v).
10
Suppose 5*q - 2*m - 4 = 0, -3*q + 2*q - 3*m + 11 = 0. Suppose 0 = -3*n - o + 9, 5*o + 5 = -q*n + 24. Let r(v) = -5 - v**2 + 4*v + 9 - n. Calculate r(3).
5
Let z(s) = 4*s - 7. Suppose 12*u - 30 = -138. Let o be 